86.
14
Let m(j) = 12*j**2 + 37 + 13*j - 46 + j**3 + 24 + 17. Let n be m(-11). Calculate the highest common factor of 110 and n.
10
Let l(i) = -i**3 + 7*i**2 + 36*i - 2. Suppose 67 = 15*p - 68. Let f be l(p). What is the highest common divisor of f and 32?
32
Let o(a) = -16*a + 5. Let k(n) = -1. Let l(x) = 4*k(x) + o(x). Let d be l(2). Let v = d - -42. Calculate the highest common divisor of 22 and v.
11
Suppose -366*p + 361*p = -2065. Calculate the greatest common divisor of p and 531.
59
Let f(k) = -k**3 - 3*k**2 - 13*k - 1. Let h be f(-3). Suppose 5*s + 3*l = h, -s + 4*l = 5 - 31. Calculate the greatest common divisor of s and 20.
10
Let b = 7538 - 7533. Calculate the highest common divisor of b and 1200.
5
Suppose u = k - 4*k + 416, -4*u - 2*k = -1694. Suppose -340 = -3*t + u. Calculate the greatest common factor of 102 and t.
51
Let a be 10/(-6)*(588/35)/(-7). Suppose -4*m - 170 = a*o - 2382, -5*m + 2755 = -5*o. Calculate the greatest common divisor of m and 24.
24
Suppose 3*g - 2*q - 18 = 0, 584*g + 2*q + 14 = 586*g. Calculate the highest common divisor of g and 1676.
4
Let d = 10 - 58. Let u = d + 52. Suppose -u*i + 141 = -7. What is the highest common factor of 407 and i?
37
Let h be (((-16575)/(-156))/(7/(-28)))/(-5). Suppose -2*m - 2*c = 2*m - 52, -m = 4*c + 1. What is the greatest common divisor of h and m?
5
Let w be ((-3)/2)/(4/24). Let z be 2/w - 472/(-18). Let r = 582 - 543. Calculate the greatest common divisor of r and z.
13
Let f(l) = -l**3 - 18*l**2 + 21*l + 56. Let m = 474 - 493. Let o be f(m). Calculate the highest common divisor of o and 342.
18
Let x(k) = -377*k + 1. Let t be x(-1). Let o = t + -168. Calculate the greatest common divisor of o and 42.
42
Let i(c) = 4*c + 6. Let w be i(-2). Suppose -2*o - 5*m - 223 = -o, 4*o = -2*m - 838. Let b be ((378/24)/7)/(w/o). What is the highest common factor of b and 26?
26
Suppose -6 = 3*n, -n = l - 211 - 324. Calculate the greatest common divisor of 2327 and l.
179
Let w be 1 + (-7)/6 + 4/24. Let s be (-84)/(-4 - w)*(-10)/(-15). What is the greatest common factor of 182 and s?
14
Suppose -750*t = -804*t + 187920. Calculate the highest common factor of 120 and t.
120
Let d = 398 - 330. Suppose 3*k - 296 = -0*k + 2*x, 2*k - 4*x - 184 = 0. What is the highest common factor of d and k?
34
Let m(c) = -4*c - 1. Let z be m(-4). Let x be (-87 - (-999)/12)/(2/(-8)). Calculate the highest common divisor of x and z.
15
Let j(c) be the first derivative of 0*c**2 + 6*c + 7/3*c**3 + 1/4*c**4 - 18. Let l be j(-7). Calculate the highest common divisor of 60 and l.
6
Suppose -8*p + 9*p + 84 = -s, p - 396 = 5*s. Let x be (-7 - -9)/((-1)/s). What is the greatest common divisor of x and 30?
10
Suppose -4 = -2*y + 3*g, y - 3*g - g - 2 = 0. Let r = 5 + y. Let s be (-38 - 11)*4/(-14). What is the highest common factor of r and s?
7
Let n(d) = -d**2 + 8*d + 243. Let k be n(17). Calculate the greatest common divisor of k and 1521.
9
Suppose 18*p - 13*p - 5*d - 1970 = 0, 3*p - 1192 = -2*d. What is the greatest common divisor of 108 and p?
36
Suppose 3*h - 67 = -5*v, 3*v + v - 32 = 3*h. Suppose v*t - 181 - 1139 = 0. Suppose -33*k = -37*k + t. What is the greatest common divisor of k and 15?
15
Suppose -58419 = 26*x - 145597. Calculate the highest common divisor of 70 and x.
7
Suppose 0 = 71*c - 63*c - 184. Suppose -30*h + 37 = -c. What is the highest common factor of h and 6?
2
Suppose 153*x = 155*x - 12. Suppose -6*z - 4*p + 8 = -2*z, -5*z - p + 2 = 0. Suppose f - 2*f + x = z. What is the highest common divisor of 24 and f?
6
Suppose 5*j - 180 = -3*i + 534, i + 434 = 3*j. Suppose -7*q + 0*q - 2646 = 0. Let v = q + 394. What is the highest common divisor of j and v?
16
Suppose -2*d + 17*d = -675. Let i = -27 - d. Suppose -14 = -2*m + i. What is the greatest common factor of 208 and m?
16
Suppose 296*u = 6506 + 6222. What is the highest common factor of u and 23263?
43
Suppose 4*z + r - 36 - 416 = 0, -5*z - 2*r + 574 = 0. Let t = 124 - 69. Calculate the highest common factor of t and z.
55
Let n be (-1)/2*(-1170)/(-54)*-6. Calculate the highest common factor of 3445 and n.
65
Suppose 0 = -5*p - 15, 8649 = u - 3*p - 756. Calculate the greatest common factor of 405 and u.
81
Let m = -461 - -383. Let z be (-26)/(m/441) - -5*1. What is the highest common factor of z and 133?
19
Suppose 148*w + 690 = 143*w. Let k be (w + -2)*16/(-40). Calculate the greatest common factor of 70 and k.
14
Let t(i) = i**2 - 13*i - 90. Let y be t(18). Suppose -3*o + 41 + 1 = y. What is the highest common divisor of 224 and o?
14
Suppose 10*b + 1145 = -365. Let v(p) = 91*p**3 + p**2 - 1. Let g be v(-1). Let w = g - b. Calculate the highest common factor of w and 150.
30
Let v(t) = -5*t - 7. Let n be v(-6). Let x = -14 + n. Let h = 675 - 648. Calculate the highest common factor of h and x.
9
Suppose -h - 5*u = -38 - 0, -2*u = 2*h - 52. Suppose h*q - 7*q - 2448 = 0. Calculate the highest common factor of 17 and q.
17
Let q = 148 - 164. Let x = q - -25. Calculate the greatest common factor of 1 and x.
1
Suppose 345 = 6*o - 315. Suppose 2*s = -8*s + o. Suppose 0 = 9*c - s*c + 4. What is the highest common factor of c and 4?
2
Suppose -3*z - 12 = 0, 2*f - 2*z = 67 + 25. Calculate the highest common divisor of 246 and f.
6
Let z = 25538 - 15066. What is the greatest common divisor of z and 17?
17
Suppose -d = -4*d + 12. Let l(f) = -5*f + 83. Let q be l(7). Suppose -23*t = -21*t - q. Calculate the greatest common divisor of t and d.
4
Let l be (-598405)/(-205) - (-162)/(-3321). What is the highest common divisor of 105 and l?
21
Let h(j) = -j**2 - 35*j + 69. Let x be h(-30). Suppose -4*z = -a - x - 91, -a = -3*z + 232. Calculate the highest common factor of 26 and z.
26
Suppose 214*t - 210*t - 28 = 0. Suppose t*p = 14*p - 63. What is the greatest common factor of 24 and p?
3
Let w = -20 - 5. Let h = w + 27. Let c be (-36 - -6)*(-2)/h. What is the greatest common divisor of c and 10?
10
Let v(n) = 2*n**3 - 19*n**2 - 7*n - 27. Let q be v(10). Suppose -q*a - 33 + 168 = 0. What is the highest common divisor of a and 18?
9
Suppose 3*h - 60 = -0*h + 3*a, -h - 5*a = 28. Suppose 4*b - 552 = 936. Calculate the greatest common divisor of h and b.
12
Suppose -598*m + 402*m = -111132. Suppose -d - 3*n + 150 = -0*d, -n = d - 158. Calculate the greatest common factor of m and d.
81
Let w(d) = -d**2 + 33*d - 139. Let j be w(26). Calculate the greatest common divisor of 35303 and j.
43
Suppose 0 = 4*g - 3*g - 29. Let h = 3 + 2. Let i be h + -1 + -1 + (233 - 4). What is the highest common divisor of i and g?
29
Let p(u) = 49*u**2 - 6*u - 40. Let s be p(6). Calculate the greatest common divisor of s and 32.
8
Suppose 16*c = -56*c + 436325 + 407947. What is the greatest common factor of 1430 and c?
286
Suppose 20*j - 75947 = 106433. What is the greatest common divisor of 11 and j?
11
Let y be 30/10*((-988)/6 + -2). Let t = -463 - y. What is the greatest common factor of t and 74?
37
Suppose -r + 5*g = 2*r + 7, 0 = -5*r + 5*g - 5. Let k be (8/24)/(r/3). Suppose 4*z + 3*m - 70 = 0, -4*m - k = -9. What is the highest common divisor of 2 and z?
2
Let t = -681 - -702. Suppose t*w - 3306 = 2*w. Calculate the greatest common factor of 232 and w.
58
Let p(r) = 23*r**2 + 1172*r - 9. Let c be p(-51). What is the greatest common divisor of 129 and c?
3
Suppose 5*y - 170 = -3*n, 0 = -12*n + 8*n - 4*y + 224. What is the highest common factor of 4290 and n?
55
Suppose 2*d + d - 138 = 0. Let b(g) = 189*g - 38785. Let v be b(213). Calculate the highest common divisor of v and d.
46
Let x(r) = 337*r - 52. Let m be x(11). What is the greatest common factor of m and 860?
215
Let x(v) = 3*v - 39. Suppose 4*w = 41 - 5. Let q be (-686)/(-35) - w/15. Let f be x(q). What is the highest common factor of 12 and f?
6
Suppose -3*x - m + 1952 = 0, -5*x + 1628 = -5*m - 1612. Calculate the greatest common divisor of x and 6.
2
Suppose -29*u + 3021 + 2307 = -5*u. Calculate the greatest common divisor of 9250 and u.
74
Let b = -2111 + 2405. What is the highest common factor of b and 1568?
98
Let f(a) = -a**3 - 136*a**2 - 262*a + 1273. Let g be f(-134). What is the highest common divisor of g and 77?
7
Let x be -5*((2 - 1) + -5). Let b = -1016 - -1012. Let z be 7*((21 - -3) + b). Calcula